2. Let m(k) = k**3 + k**2 + k. Let x(s) = -8*m(s) - t(s). List the prime factors of x(b).
2, 43
Suppose 5*u - 5*l - 30 = 0, -4*u + 2*l - 4*l + 18 = 0. Suppose 92*b - 6 = 89*b. Suppose u*w + 31 = t, 17 = b*t + 5*w - 0. What are the prime factors of t?
2
Let h(g) = g**3 - 4*g**2 + 11. Let m(n) = -n**2 - 9*n + 6. Let v(d) = -d**2 - 13*d + 21. Let x be v(-15). Let i be m(x). What are the prime factors of h(i)?
83
Suppose -567*o + 67025 = -532*o. List the prime factors of o.
5, 383
Let s = -865 - -1449. Suppose g - 9*g = -s. List the prime factors of g.
73
Suppose 0 = -5*d - m + 22802, -3*d + 125*m = 124*m - 13678. What are the prime factors of d?
2, 3, 5, 19
Suppose -13*y + 52 = -9*y. Let b = y - -2. Suppose 19*r = 14*r + b. What are the prime factors of r?
3
Let c = -10289 - -15888. What are the prime factors of c?
11, 509
Let j(c) = -c**3 + 52*c**2 - 8*c - 45. List the prime factors of j(17).
2, 4967
Suppose -4*q + 99490 = 8*q - 81074. List the prime factors of q.
41, 367
Let q = -112 + 168. Let t be (-4)/(q/(-46)) + 2/(-7). Suppose t*f = 239 + 34. List the prime factors of f.
7, 13
Suppose -5*u = 5*q + 5, -3*u + 4*q + 23 = -9. List the prime factors of u/10 + (-50446)/(-110).
3, 17
Let m = 33 + -23. Suppose 15 = 4*f - 3*n, 3*f + 3*n + m = n. Suppose -2*h + 4*d + 51 + 5 = f, -140 = -5*h - 2*d. What are the prime factors of h?
2, 7
Suppose 0 = -2*i + 5*r + 34531, 5*i + 4*r - 34486 = 3*i. What are the prime factors of i/21 + 15/35?
2, 3, 137
List the prime factors of (-15)/(-5)*2/(-27) - (-77410)/45.
2, 5, 43
Let h(d) = 4*d**3 + 16*d**2 - 76*d + 31. List the prime factors of h(9).
3559
What are the prime factors of (-12)/32 - (-255437)/56?
4561
Let q(m) = -m**3 - 14*m**2 + 17*m + 34. Let v be q(-15). Suppose v*s - 32 = -w - 9, -5*w - s = -20. Suppose 17 = -w*l + 134. List the prime factors of l.
3, 13
Let d = -11987 + 15324. What are the prime factors of d?
47, 71
List the prime factors of 255405/30 - 11 - ((-3)/(-2) + 1).
2, 5, 17
Let h = 1732 + -755. Let y = -559 + h. List the prime factors of y.
2, 11, 19
Suppose -2200*q = -2171*q - 1000326. What are the prime factors of q?
2, 3, 5749
What are the prime factors of 35/(-20) + 616575/100?
2, 23, 67
Suppose -5*i - 3*d = -249914 - 70535, -5*i + 320461 = -3*d. What are the prime factors of i?
64091
Suppose 8*n - 21 = -5. Suppose 8 = -8*q + 4*q - 4*y, n*q = -3*y - 9. Suppose -q*u - 190 = -8*c + 3*c, 152 = 4*c + u. List the prime factors of c.
2, 19
Let i(v) = -v**2 + 5*v + 7. Let x(r) = -2*r**2 + 4*r + 6. Let o(n) = 5*i(n) - 6*x(n). List the prime factors of o(-8).
439
List the prime factors of (-40)/(-5) + ((-6044)/20)/((-1)/155).
11, 4259
Suppose 0 = 3*g + 4*a - 121491, -a = -4*g + 120121 + 41810. What are the prime factors of g?
3, 5, 2699
Let p(x) = -296*x - 4. Let c be p(1). Let k = 545 + c. List the prime factors of k.
5, 7
Suppose 0 = 3*m - 18*m + 90. List the prime factors of (-9905)/(-42) + 1/m.
2, 59
Let h = 85 - 127. Let c = 444 - h. Suppose a - c = -a. What are the prime factors of a?
3
Let v(y) = 75*y**2 - 12*y + 2. Let a(t) = 75*t**2 - 11*t + 3. Let f(w) = 4*a(w) - 3*v(w). List the prime factors of f(1).
73
Suppose -5*j = 3595 - 29425. List the prime factors of j.
2, 3, 7, 41
Let d = 30 - 35. Let n be ((-4)/d)/((-17)/(-1955)). Let i = -37 + n. What are the prime factors of i?
5, 11
Suppose -4*x - 20 = 0, 3*r = 7*x - 11*x + 10. Suppose r*l - 5820 = 4720. What are the prime factors of l?
2, 17, 31
Suppose 34*y + 5677 - 121957 = 0. Suppose 184*h - 186*h = -y. List the prime factors of h.
2, 3, 5, 19
Suppose 808*j + 9457770 = 1018*j. List the prime factors of j.
29, 1553
Suppose 5*x = 0, -3*x = 3*z - 2*z - 2. Suppose 0 = -z*h + 305 + 1735. What are the prime factors of h?
2, 3, 5, 17
Suppose -g = 3*y - 79, -2*g = 4*y - 0*y - 106. Suppose 0 = 5*v - y - 444. List the prime factors of v.
2, 47
Let v be 28*(-4)/(-16) - 526. Let o = -274 - v. List the prime factors of o.
5, 7
Suppose 183 = -30*a + 33*a. Suppose 0 = 3*q - 365 + 26. Let i = a + q. List the prime factors of i.
2, 3, 29
Let o(r) = -80*r - 9. Let c(y) be the second derivative of -20*y**3/3 - 5*y**2/2 - 5*y. Let a(m) = -7*c(m) + 4*o(m). What are the prime factors of a(-1)?
3, 13
Let r be 2/7 - (0 - 4/(-14)). Let l(m) = -m**2 - m - 4. Let s be l(r). Let z = 62 - s. What are the prime factors of z?
2, 3, 11
Let g be -1*((-8)/(-4) + 2) + 285. Suppose -2*r - 4*v = -715 - g, -2*r + 4*v + 980 = 0. Suppose -6*z + 4*z + r = 0. What are the prime factors of z?
13, 19
Suppose -15 - 156 = -3*k + 3*w, k = 5*w + 61. Let h = k - 51. Suppose 4*f = 2*t - 5*t + 415, f = h*t + 121. List the prime factors of f.
2, 53
Let p(q) = 47*q**2 - 419*q + 101. What are the prime factors of p(-18)?
22871
Suppose 19433 = -5*l - r - r, r + 7773 = -2*l. Let y = -2578 - l. What are the prime factors of y?
7, 11, 17
Let j(q) = -q + 59. Let c be j(12). Suppose 0 = c*i - 53*i + 2214. What are the prime factors of i?
3, 41
Let l(a) = -a - 25. Let x be l(-11). Let i(p) = -p**3 - 14*p**2 + 23*p + 4. Let u be i(x). List the prime factors of ((-42)/9 + 4)/(2/u).
2, 53
Suppose 4*c - 4 = 2*c. Let p be -4 - (7/(-28) - c/(-8)). List the prime factors of (p/8*1)/(2/(-620)).
5, 31
Let j = -20806 - -37662. List the prime factors of j.
2, 7, 43
Let a(f) = -f**2 - 5*f - 4. Let u(y) = -y + 4. Let k be u(-8). Suppose -2*g - k = 4*g. What are the prime factors of a(g)?
2
Let u = 149 - 5. Let k = u - 266. Let p = -21 - k. List the prime factors of p.
101
Let x = -4 - -5. Let i be (-560)/(-8) - (2 + x). Suppose 0 = -3*k - 9, 0*u + 4*k = u - i. What are the prime factors of u?
5, 11
Suppose 6*v - 87 = -27. Let j = -11 + v. What are the prime factors of (-130)/((-2 + j - -2)/1)?
2, 5, 13
Let p be 2/(2/(-4) + -18 + 18). Let i(k) = 12*k**2 - 4*k - 8. What are the prime factors of i(p)?
2, 5
Suppose -198587 + 60530 = -8*t - 9*t. What are the prime factors of t?
3, 2707
Let f = -10708 - -27977. List the prime factors of f.
7, 2467
Let l(q) = -q**3 - 2*q - q + 3 + 2*q. Let c be l(0). Suppose -16 = 4*g, 3*p + c*g = -p + 396. List the prime factors of p.
2, 3, 17
Let z be (54/24 - 2) + (-75)/(-4). Suppose -r = -3*r + 132. Let w = r - z. What are the prime factors of w?
47
Let x be -3 - (-7 + 6)*5. Suppose 0 = -6*a + 5*a + 3*l + 277, x*l + 550 = 2*a. List the prime factors of a.
2, 137
Suppose -5*g - 10645 = -3*d - 0*g, g - 3543 = -d. What are the prime factors of d?
5, 709
Suppose -1597414 = -17*v - 165*v. What are the prime factors of v?
67, 131
List the prime factors of -8 + -279*16/(-24).
2, 89
Let t(n) = 9*n + 64. Let l be t(-7). List the prime factors of l*-3*(1 - (-1145)/(-15)).
2, 113
Let r(a) = -a + 2. Let y be r(-6). Let g(m) = -m**3 + 10*m**2 - 9*m - 4. Let v be g(y). What are the prime factors of (1 - -4)*v/5?
2, 13
Suppose 15*u = 101 + 79. Suppose 0*q - 4*s = q - u, s = 3*q + 3. Suppose q = 8*k - 1310 + 318. What are the prime factors of k?
2, 31
Suppose 0*o = -15*o + 6*o + 10476. List the prime factors of o.
2, 3, 97
Let x(a) be the second derivative of -a**4/12 + 2*a**3 + 3*a**2/2 + 5*a. Let m be x(12). List the prime factors of (-10)/m*((-2856)/(-16))/(-7).
5, 17
Let b(a) = 4*a + 49. Let u be b(-17). Let y(i) = -42*i - 165. What are the prime factors of y(u)?
3, 211
Suppose 0 = -84*b - 107*b + 2537244. List the prime factors of b.
2, 3, 41
Let s = 62 + -46. Let k be 0 + (-21)/(-4) + (-4)/s. Suppose 2*h - 3*h + m + 241 = 0, 5*m = -k. List the prime factors of h.
2, 3, 5
Suppose 4 = 3*p + 1. Let b(x) = -89*x**3 + x**2 + 3*x - 4. Let f(a) = a - 1. Let i(v) = -b(v) + 4*f(v). What are the prime factors of i(p)?
89
Let t(g) = -g**3 + 5*g**2 + g - 21. Let h be t(3). Suppose -4*i + 1388 = 4*w - 5*i, h = 3*i. List the prime factors of w.
347
Let f(s) = -3*s - 30. Let u be f(-9). Let h be u*(1 + 2 - (13 + -9)). Suppose h*p + 4*p = 490. What are the prime factors of p?
2, 5, 7
Let o = -2432 - -25571. What are the prime factors of o?
3, 857
Suppose 242*r + 1536428 = 6660481 + 2119007. What are the prime factors of r?
2, 5, 41, 73
Suppose 0 = 3*n + q - 5879 - 16184, -5*q = -3*n + 22093. List the prime factors of n.
2, 3, 613
Suppose 34207 = 11*j - 9048 + 4854. List the prime factors of j.
3491
Let i = -147 + 214. Let j = 0 - -43. Let y = i + j. What are the prime factors of y?
2, 5, 11
Let w